) = -8 + 6 + 13*s**2 + 4*s - 5*s. Let a be d(-1). What are the prime factors of o(a)?
2, 11
Let g(t) = -274*t - 189. List the prime factors of g(-8).
2003
Let m(b) = -3*b**2 - b - 1. Let d be m(2). Let s be ((-10)/d)/((-2)/72). List the prime factors of s/132 - 332/(-11).
2, 3, 5
Let h(j) = -j**2 + 6*j + 9. Let m be h(7). Suppose m*w - 106 = -22. Suppose -g + 14 = 2*c, w = 5*g + 3*c - 21. What are the prime factors of g?
2, 3
Let n = -138 + 198. Suppose -3*h + 5*f = -260, 2*f + n - 313 = -3*h. List the prime factors of h.
5, 17
Let l(y) = 9*y - 196. What are the prime factors of l(34)?
2, 5, 11
Let t = 445 + -47. List the prime factors of t.
2, 199
Let p = 2 + 2. Suppose p*y - z - 60 = 2*y, -5*z = y - 52. List the prime factors of y - (-1 + (-2)/(-2)).
2
Let u(c) = 4*c - 6. Let j be (-2)/14 - 360/(-21). List the prime factors of u(j).
2, 31
Let d = -769 + 895. List the prime factors of d.
2, 3, 7
Let h(l) be the second derivative of 17*l**3/6 + 3*l. What are the prime factors of h(5)?
5, 17
Suppose 0 = -2*h + 10, -2*o + 8*h + 17 = 3*h. Let b(z) = o - 60*z**2 - z + 59*z**2 - 14*z. List the prime factors of b(-15).
3, 7
Let k(h) = -17*h + 14. Let x = -41 + 36. List the prime factors of k(x).
3, 11
Let w = -160 + 555. Suppose -4*a = -1 - w. List the prime factors of a.
3, 11
Let w(r) be the third derivative of -3*r**5/20 - r**4/6 - r**3/6 + 11*r**2. Let l be w(-3). Let o = l + 108. List the prime factors of o.
2, 19
Suppose -4*g = 4*p - 8, 5*g - p - 34 = -0*p. Let r = g - 1. Suppose r*y + 24 = 139. What are the prime factors of y?
23
Let v(a) = 13*a**2 - 2*a + 16. List the prime factors of v(-5).
3, 13
List the prime factors of 0 + (0 - 7) + 4 + 871.
2, 7, 31
Suppose 4*l + 13 = -107. Suppose 4*g - 5*p + 86 = 0, 0 = 2*g - 5*p + 38 + 10. Let j = g - l. What are the prime factors of j?
11
Let r(v) = -2*v - 6. Let w be r(-7). Let c be (4 + 13 - (0 - 0))/(-1). Let p = w - c. List the prime factors of p.
5
Let c = -103 + 106. Suppose 0 = -c*i + 2*j + 724, -i + j + 220 + 23 = 0. What are the prime factors of i?
2, 7, 17
Suppose -4*g + 13 = -3, w + 3*g - 3670 = 0. What are the prime factors of w?
2, 31, 59
Let u = -16 + 14. What are the prime factors of (-8)/((-44)/20 - u)?
2, 5
What are the prime factors of 352/56 + -6 - (-2175)/7?
311
Suppose -24 + 0 = -6*f. Let u(c) = 2*c**3 - 6*c**2 + 4*c - 3. Let s be u(f). Suppose 2*v + s = 3*n - v, 4*n = -5*v + 33. List the prime factors of n.
2, 3
Suppose 3*x + 22 + 26 = 0. Let o(m) = m**3 + 16*m**2 - 6*m - 21. What are the prime factors of o(x)?
3, 5
What are the prime factors of 1/(1/1560)*(-126)/(-315)?
2, 3, 13
Suppose -u - 4*a = -281, 11*a - 6*a = 0. What are the prime factors of u?
281
Let u(f) = 2*f**2 - 5*f**2 - 11*f + 2*f**2 + 15 - 1. Let a be u(-8). Suppose 100 = 6*s - a. List the prime factors of s.
23
Let s = 1063 - 515. List the prime factors of s.
2, 137
Suppose 7*k - 3 + 10 = 0. Let f be 7/k + (-5 - -4). Let b = 15 + f. What are the prime factors of b?
7
Let f be ((-5)/(-25)*-12)/(1/(-5)). Suppose 3*u = f, -4*y - 18 = 5*u - 86. List the prime factors of y.
2, 3
Let s(r) = 0*r**3 + 3 + 0*r**2 - r**3 + 7*r + r**2 - 2*r. Let a be s(-3). List the prime factors of (a/9)/((-2)/(-30)).
2, 5
Suppose -15*f + 20*f = -65. Let o(a) = -a**3 - 12*a**2 + 6*a - 5. What are the prime factors of o(f)?
2, 43
Suppose -3*j + 0*n = n - 3198, 2*n + 6 = 0. What are the prime factors of j?
11, 97
Suppose -1 - 53 = -2*p. What are the prime factors of 9/p*(1 + 146)?
7
Let c be (6/36*-8)/((-4)/3). List the prime factors of (4 + 115/(-15))/(c/(-39)).
11, 13
Let a(q) be the third derivative of q**5/60 + q**4/24 + q**3 + 10*q**2. Let u be a(15). Suppose 0 = -3*l + 9*l - u. List the prime factors of l.
41
Let x(b) = 52*b - 7. Let w = -92 + 94. What are the prime factors of x(w)?
97
Let d be (3 - (2 - -1)) + 3. Suppose 0 = g - d*g + 4. Suppose j - g*l - 36 = 0, 2*l + 119 = 2*j + 43. What are the prime factors of j?
2, 5
Let v(x) = -3*x**3 - 6*x + 2*x**3 + 16*x - 11 + 2 + 7*x**2. Let l be v(8). Suppose -304 = -l*c + 3*c. What are the prime factors of c?
2, 19
Let r(s) = s**3 + 14*s**2 + 18*s + 16. What are the prime factors of r(-12)?
2, 11
List the prime factors of 6/(-11) - 4472/(-11).
2, 7, 29
Suppose -17*p + 21397 = 7287. What are the prime factors of p?
2, 5, 83
Let q(j) = 3*j**3 + 5*j**2 + 32*j - 405. What are the prime factors of q(9)?
3, 5, 11
Let l = 256 + 2021. List the prime factors of l.
3, 11, 23
Suppose 6*r - 4*r - 36 = 0. What are the prime factors of (-5 + -1)*(-69)/r?
23
Let v be -15*(34/(-8))/((-4)/(-16)). Let z = v - 145. What are the prime factors of z?
2, 5, 11
List the prime factors of (129 - 0)*(-325)/(-75) - -5.
2, 3, 47
Let y(u) = u**3 + 5*u**2 - 2*u + 9. Let v be y(-6). Let m = v + 15. List the prime factors of (-4 - 0)/(m + -1).
2
What are the prime factors of (-133887)/(-81) + 20/270?
3, 19, 29
Let l = -34 - -37. Let z(k) = k**3 - 3*k**2 + 4*k - 2. List the prime factors of z(l).
2, 5
Suppose -5*p + 26 = -p + 5*f, 4*p - 8 = 4*f. Suppose -3*o = p*a - 1, 0 = -2*a - 3*o + 5*o + 4. Let c = a - -13. What are the prime factors of c?
2, 7
Suppose 34 = 34*d - 408. Let f(t) = t**3 - 5*t**2 + 4*t + 5. Let v be f(5). Let z = v - d. What are the prime factors of z?
2, 3
Let k(w) = 3*w**2 + 1660. List the prime factors of k(0).
2, 5, 83
Suppose 13569 = 3*b - 2*k + 2910, 2*b + 4*k - 7090 = 0. List the prime factors of b.
53, 67
Suppose -6*n + 8*n - 132 = 0. Let q be n + 1/((-3)/(-9)). Suppose -2*l + 3*h + q = 0, l - 5*h = -2*l + 105. List the prime factors of l.
2, 3, 5
Let q(m) = 35*m**2 + 49*m - 610. What are the prime factors of q(10)?
2, 5, 13
Suppose -s = 59*s - 328980. What are the prime factors of s?
5483
Let f(n) = -9*n + 39. What are the prime factors of f(-30)?
3, 103
Let s(h) = -h**3 - h**2 + 3*h - 3. Let o be s(-3). Let t be (-10 + 10)/(o/(-2)). Suppose t = -3*a + 77 - 26. List the prime factors of a.
17
Let u(c) = -2*c**2 - 10*c + 29. Let y be u(6). Let t = 222 - y. What are the prime factors of t?
5, 13
Let z = 1 - -2. Let o be z + (-3)/(-6)*2. Suppose 7*x = o*x + 33. List the prime factors of x.
11
Let p be 1 + 4 - 2/1. Let t(j) = -19*j - 9. Let w(g) = 18*g + 10. Let m(a) = 3*t(a) + 4*w(a). What are the prime factors of m(p)?
2, 29
Let x(z) = z**2 + 13*z - 22. Let n be x(-12). List the prime factors of 13/(3 + 100/n).
13, 17
Suppose -137 = 3*r - 29. Let b be 8/r + (-34)/9. List the prime factors of ((-4)/6)/(b/18).
3
What are the prime factors of 7/(-1)*(-25 - 142)?
7, 167
Let n = 272 - 72. Suppose 2*m = 4 + 6. Suppose -4*r + r - 5*y + 112 = 0, -m*r + n = -5*y. What are the prime factors of r?
3, 13
Let i = 18 + -18. Suppose -4*h + 58 + 262 = i. What are the prime factors of h?
2, 5
Suppose 4*x + m + 121 = 0, 3*m + 15 = -4*x - 108. List the prime factors of (-72)/(-18) - x/1.
2, 17
Let z(m) = m**3 - 12*m**2 - 5*m - 20. Let f be z(17). Suppose -o - 4*o + f = -5*i, -3*i = 0. What are the prime factors of o?
2, 67
Let t(r) = -r**3 + 5*r + 3. Let n be t(-2). Let f(i) = 104*i**2 - 1. What are the prime factors of f(n)?
103
Suppose 0 = -2*o + 3*o - 4*c - 19, -4*c - 12 = 0. Let x = 11 - o. Suppose x*d + 1 - 77 = 0. List the prime factors of d.
19
Suppose 5*d = 32 + 18. Suppose 0 = j - 0*j + 47. What are the prime factors of j/(-2) + 5/d?
2, 3
Suppose 4*i - 11796 = -4*p + 828, -2*p - 3*i + 6315 = 0. What are the prime factors of p?
3, 1051
Let o(v) = 12 - 4*v - v + 4*v. Let d(p) = -p**3 - 9*p**2 + 26*p + 1. Let s be d(2). What are the prime factors of o(s)?
3
Suppose 0 = r + l - 3497, 0 = -5*r + 2*r - l + 10487. List the prime factors of r.
3, 5, 233
Suppose -4*s - 51 = 5*q, -3*s + 4*q = q + 72. Let x = s + 24. Suppose 5*b - 5*g - 260 = 0, -x*g = 4*b - 6*b + 119. What are the prime factors of b?
47
Let p = 19 + -27. What are the prime factors of 498/10 + p/(-40)?
2, 5
Suppose -1341 + 53 = -14*l. What are the prime factors of l?
2, 23
Suppose -4*x + 470 = -5*x - 3*p, -1362 = 3*x - 3*p. What are the prime factors of (-25)/(-75) + x/(-3)?
3, 17
Let u(b) = 7*b**2 + 3*b - 1. Let p be u(3). Let a = p - 40. What are the prime factors of a?
31
List the prime factors of (1134/(-8))/(37/(-888)).
2, 3, 7
Suppose 10*j - 3033 = j. Suppose 2*t - 162 + 16 = -4*f, -5*t + 4*f = -j. List the prime factors of t.
3, 23
Let n 